{"version":"1.0","provider_name":"AleaSoft Energy Forecasting","provider_url":"https:\/\/aleasoft.com\/de\/","title":"Preisanstieg und Allzeithochs an den europ\u00e4ischen Energiem\u00e4rkten bis Mitte August","type":"rich","width":600,"height":338,"html":"<blockquote class=\"wp-embedded-content\" data-secret=\"MlGjNXj0UX\"><a href=\"https:\/\/aleasoft.com\/de\/preisanstieg-allzeithochs-europaeischen-energiemaerkten-mitte-august\/\">Preisanstieg und Allzeithochs an den europ\u00e4ischen Energiem\u00e4rkten bis Mitte August<\/a><\/blockquote><iframe sandbox=\"allow-scripts\" security=\"restricted\" src=\"https:\/\/aleasoft.com\/de\/preisanstieg-allzeithochs-europaeischen-energiemaerkten-mitte-august\/embed\/#?secret=MlGjNXj0UX\" width=\"600\" height=\"338\" title=\"&#8222;Preisanstieg und Allzeithochs an den europ\u00e4ischen Energiem\u00e4rkten bis Mitte August&#8220; &#8211; AleaSoft Energy Forecasting\" data-secret=\"MlGjNXj0UX\" frameborder=\"0\" marginwidth=\"0\" marginheight=\"0\" scrolling=\"no\" class=\"wp-embedded-content\"><\/iframe><script>\n\/*! This file is auto-generated *\/\n!function(d,l){\"use strict\";l.querySelector&&d.addEventListener&&\"undefined\"!=typeof URL&&(d.wp=d.wp||{},d.wp.receiveEmbedMessage||(d.wp.receiveEmbedMessage=function(e){var t=e.data;if((t||t.secret||t.message||t.value)&&!\/[^a-zA-Z0-9]\/.test(t.secret)){for(var s,r,n,a=l.querySelectorAll('iframe[data-secret=\"'+t.secret+'\"]'),o=l.querySelectorAll('blockquote[data-secret=\"'+t.secret+'\"]'),c=new RegExp(\"^https?:$\",\"i\"),i=0;i<o.length;i++)o[i].style.display=\"none\";for(i=0;i<a.length;i++)s=a[i],e.source===s.contentWindow&&(s.removeAttribute(\"style\"),\"height\"===t.message?(1e3<(r=parseInt(t.value,10))?r=1e3:~~r<200&&(r=200),s.height=r):\"link\"===t.message&&(r=new URL(s.getAttribute(\"src\")),n=new URL(t.value),c.test(n.protocol))&&n.host===r.host&&l.activeElement===s&&(d.top.location.href=t.value))}},d.addEventListener(\"message\",d.wp.receiveEmbedMessage,!1),l.addEventListener(\"DOMContentLoaded\",function(){for(var e,t,s=l.querySelectorAll(\"iframe.wp-embedded-content\"),r=0;r<s.length;r++)(t=(e=s[r]).getAttribute(\"data-secret\"))||(t=Math.random().toString(36).substring(2,12),e.src+=\"#?secret=\"+t,e.setAttribute(\"data-secret\",t)),e.contentWindow.postMessage({message:\"ready\",secret:t},\"*\")},!1)))}(window,document);\n\/\/# sourceURL=https:\/\/aleasoft.com\/wp-includes\/js\/wp-embed.min.js\n<\/script>\n","thumbnail_url":"https:\/\/aleasoft.com\/wp-content\/uploads\/2021\/08\/20210816-AleaSoft-European-electricity-market-prices.png","thumbnail_width":2282,"thumbnail_height":1582,"description":"Der Preisanstieg an den Spot- und Terminm\u00e4rkten f\u00fcr Strom setzte sich in der zweiten Augustwoche fort, wiederum angetrieben durch die Gas- und CO2-Preise, die sich auf historischen H\u00f6chstst\u00e4nden befinden. Ein allgemeiner R\u00fcckgang der Windenergieerzeugung beg\u00fcnstigte ebenfalls Preissteigerungen, und die Nachfrage stieg auf mehreren M\u00e4rkten. Der iberische Markt verzeichnete fast jeden Tag neue Rekorde, und die M\u00e4rkte in Italien und den Niederlanden erreichten den h\u00f6chsten Tagespreis seit mindestens sechs Jahren."}

Preisanstieg und Allzeithochs an den europäischen Energiemärkten bis Mitte August

<blockquote class="wp-embedded-content" data-secret="MlGjNXj0UX"><a href="https://aleasoft.com/de/preisanstieg-allzeithochs-europaeischen-energiemaerkten-mitte-august/">Preisanstieg und Allzeithochs an den europäischen Energiemärkten bis Mitte August</a></blockquote><iframe sandbox="allow-scripts" security="restricted" src="https://aleasoft.com/de/preisanstieg-allzeithochs-europaeischen-energiemaerkten-mitte-august/embed/#?secret=MlGjNXj0UX" width="600" height="338" title="&#8222;Preisanstieg und Allzeithochs an den europäischen Energiemärkten bis Mitte August&#8220; &#8211; AleaSoft Energy Forecasting" data-secret="MlGjNXj0UX" frameborder="0" marginwidth="0" marginheight="0" scrolling="no" class="wp-embedded-content"></iframe><script>
/*! This file is auto-generated */
!function(d,l){"use strict";l.querySelector&&d.addEventListener&&"undefined"!=typeof URL&&(d.wp=d.wp||{},d.wp.receiveEmbedMessage||(d.wp.receiveEmbedMessage=function(e){var t=e.data;if((t||t.secret||t.message||t.value)&&!/[^a-zA-Z0-9]/.test(t.secret)){for(var s,r,n,a=l.querySelectorAll('iframe[data-secret="'+t.secret+'"]'),o=l.querySelectorAll('blockquote[data-secret="'+t.secret+'"]'),c=new RegExp("^https?:$","i"),i=0;i<o.length;i++)o[i].style.display="none";for(i=0;i<a.length;i++)s=a[i],e.source===s.contentWindow&&(s.removeAttribute("style"),"height"===t.message?(1e3<(r=parseInt(t.value,10))?r=1e3:~~r<200&&(r=200),s.height=r):"link"===t.message&&(r=new URL(s.getAttribute("src")),n=new URL(t.value),c.test(n.protocol))&&n.host===r.host&&l.activeElement===s&&(d.top.location.href=t.value))}},d.addEventListener("message",d.wp.receiveEmbedMessage,!1),l.addEventListener("DOMContentLoaded",function(){for(var e,t,s=l.querySelectorAll("iframe.wp-embedded-content"),r=0;r<s.length;r++)(t=(e=s[r]).getAttribute("data-secret"))||(t=Math.random().toString(36).substring(2,12),e.src+="#?secret="+t,e.setAttribute("data-secret",t)),e.contentWindow.postMessage({message:"ready",secret:t},"*")},!1)))}(window,document);
//# sourceURL=https://aleasoft.com/wp-includes/js/wp-embed.min.js
</script>

Der Preisanstieg an den Spot- und Terminmärkten für Strom setzte sich in der zweiten Augustwoche fort, wiederum angetrieben durch die Gas- und CO2-Preise, die sich auf historischen Höchstständen befinden. Ein allgemeiner Rückgang der Windenergieerzeugung begünstigte ebenfalls Preissteigerungen, und die Nachfrage stieg auf mehreren Märkten. Der iberische Markt verzeichnete fast jeden Tag neue Rekorde, und die Märkte in Italien und den Niederlanden erreichten den höchsten Tagespreis seit mindestens sechs Jahren.
