{"version":"1.0","provider_name":"AleaSoft Energy Forecasting","provider_url":"https:\/\/aleasoft.com\/es\/","title":"Los precios de los mercados europeos bajan en la segunda semana de febrero, el ib\u00e9rico sigue desacoplado y el n\u00f3rdico alcanza los precios m\u00e1s altos","type":"rich","width":600,"height":338,"html":"<blockquote class=\"wp-embedded-content\" data-secret=\"kb9Vqj6ZYN\"><a href=\"https:\/\/aleasoft.com\/es\/precios-mercados-europeos-bajan-iberico-desacoplado-nordico-maximo\/\">Los precios de los mercados europeos bajan en la segunda semana de febrero, el ib\u00e9rico sigue desacoplado y el n\u00f3rdico alcanza los precios m\u00e1s altos<\/a><\/blockquote><iframe sandbox=\"allow-scripts\" security=\"restricted\" src=\"https:\/\/aleasoft.com\/es\/precios-mercados-europeos-bajan-iberico-desacoplado-nordico-maximo\/embed\/#?secret=kb9Vqj6ZYN\" width=\"600\" height=\"338\" title=\"\u00abLos precios de los mercados europeos bajan en la segunda semana de febrero, el ib\u00e9rico sigue desacoplado y el n\u00f3rdico alcanza los precios m\u00e1s altos\u00bb \u2014 AleaSoft Energy Forecasting\" data-secret=\"kb9Vqj6ZYN\" frameborder=\"0\" marginwidth=\"0\" marginheight=\"0\" scrolling=\"no\" class=\"wp-embedded-content\"><\/iframe><script>\n\/*! This file is auto-generated *\/\n!function(d,l){\"use strict\";l.querySelector&&d.addEventListener&&\"undefined\"!=typeof URL&&(d.wp=d.wp||{},d.wp.receiveEmbedMessage||(d.wp.receiveEmbedMessage=function(e){var t=e.data;if((t||t.secret||t.message||t.value)&&!\/[^a-zA-Z0-9]\/.test(t.secret)){for(var s,r,n,a=l.querySelectorAll('iframe[data-secret=\"'+t.secret+'\"]'),o=l.querySelectorAll('blockquote[data-secret=\"'+t.secret+'\"]'),c=new RegExp(\"^https?:$\",\"i\"),i=0;i<o.length;i++)o[i].style.display=\"none\";for(i=0;i<a.length;i++)s=a[i],e.source===s.contentWindow&&(s.removeAttribute(\"style\"),\"height\"===t.message?(1e3<(r=parseInt(t.value,10))?r=1e3:~~r<200&&(r=200),s.height=r):\"link\"===t.message&&(r=new URL(s.getAttribute(\"src\")),n=new URL(t.value),c.test(n.protocol))&&n.host===r.host&&l.activeElement===s&&(d.top.location.href=t.value))}},d.addEventListener(\"message\",d.wp.receiveEmbedMessage,!1),l.addEventListener(\"DOMContentLoaded\",function(){for(var e,t,s=l.querySelectorAll(\"iframe.wp-embedded-content\"),r=0;r<s.length;r++)(t=(e=s[r]).getAttribute(\"data-secret\"))||(t=Math.random().toString(36).substring(2,12),e.src+=\"#?secret=\"+t,e.setAttribute(\"data-secret\",t)),e.contentWindow.postMessage({message:\"ready\",secret:t},\"*\")},!1)))}(window,document);\n\/\/# sourceURL=https:\/\/aleasoft.com\/wp-includes\/js\/wp-embed.min.js\n<\/script>\n","thumbnail_url":"https:\/\/aleasoft.com\/wp-content\/uploads\/2026\/02\/20260216-AleaSoft-Precios-mercados-europeos-electricidad.png","thumbnail_width":730,"thumbnail_height":509,"description":"En la segunda semana de febrero, los precios de la mayor\u00eda de los principales mercados el\u00e9ctricos europeos mantuvieron una tendencia descendente, aunque en muchos casos el promedio semanal se situ\u00f3 por encima de 90 \u20ac\/MWh"}

Los precios de los mercados europeos bajan en la segunda semana de febrero, el ibérico sigue desacoplado y el nórdico alcanza los precios más altos

<blockquote class="wp-embedded-content" data-secret="kb9Vqj6ZYN"><a href="https://aleasoft.com/es/precios-mercados-europeos-bajan-iberico-desacoplado-nordico-maximo/">Los precios de los mercados europeos bajan en la segunda semana de febrero, el ibérico sigue desacoplado y el nórdico alcanza los precios más altos</a></blockquote><iframe sandbox="allow-scripts" security="restricted" src="https://aleasoft.com/es/precios-mercados-europeos-bajan-iberico-desacoplado-nordico-maximo/embed/#?secret=kb9Vqj6ZYN" width="600" height="338" title="«Los precios de los mercados europeos bajan en la segunda semana de febrero, el ibérico sigue desacoplado y el nórdico alcanza los precios más altos» — AleaSoft Energy Forecasting" data-secret="kb9Vqj6ZYN" frameborder="0" marginwidth="0" marginheight="0" scrolling="no" class="wp-embedded-content"></iframe><script>
/*! This file is auto-generated */
!function(d,l){"use strict";l.querySelector&&d.addEventListener&&"undefined"!=typeof URL&&(d.wp=d.wp||{},d.wp.receiveEmbedMessage||(d.wp.receiveEmbedMessage=function(e){var t=e.data;if((t||t.secret||t.message||t.value)&&!/[^a-zA-Z0-9]/.test(t.secret)){for(var s,r,n,a=l.querySelectorAll('iframe[data-secret="'+t.secret+'"]'),o=l.querySelectorAll('blockquote[data-secret="'+t.secret+'"]'),c=new RegExp("^https?:$","i"),i=0;i<o.length;i++)o[i].style.display="none";for(i=0;i<a.length;i++)s=a[i],e.source===s.contentWindow&&(s.removeAttribute("style"),"height"===t.message?(1e3<(r=parseInt(t.value,10))?r=1e3:~~r<200&&(r=200),s.height=r):"link"===t.message&&(r=new URL(s.getAttribute("src")),n=new URL(t.value),c.test(n.protocol))&&n.host===r.host&&l.activeElement===s&&(d.top.location.href=t.value))}},d.addEventListener("message",d.wp.receiveEmbedMessage,!1),l.addEventListener("DOMContentLoaded",function(){for(var e,t,s=l.querySelectorAll("iframe.wp-embedded-content"),r=0;r<s.length;r++)(t=(e=s[r]).getAttribute("data-secret"))||(t=Math.random().toString(36).substring(2,12),e.src+="#?secret="+t,e.setAttribute("data-secret",t)),e.contentWindow.postMessage({message:"ready",secret:t},"*")},!1)))}(window,document);
//# sourceURL=https://aleasoft.com/wp-includes/js/wp-embed.min.js
</script>

En la segunda semana de febrero, los precios de la mayoría de los principales mercados eléctricos europeos mantuvieron una tendencia descendente, aunque en muchos casos el promedio semanal se situó por encima de 90 €/MWh
