{"version":"1.0","provider_name":"AleaSoft Energy Forecasting","provider_url":"https:\/\/aleasoft.com\/es\/","title":"Las renovables y la menor demanda moderan los precios de los mercados el\u00e9ctricos europeos pese al alza del gas y el CO2 en la tercera semana de mayo","type":"rich","width":600,"height":338,"html":"<blockquote class=\"wp-embedded-content\" data-secret=\"xp03KgXvfC\"><a href=\"https:\/\/aleasoft.com\/es\/renovables-demanda-moderan-precios-mercados-europeos\/\">Las renovables y la menor demanda moderan los precios de los mercados el\u00e9ctricos europeos pese al alza del gas y el CO<sub>2<\/sub> en la tercera semana de mayo<\/a><\/blockquote><iframe sandbox=\"allow-scripts\" security=\"restricted\" src=\"https:\/\/aleasoft.com\/es\/renovables-demanda-moderan-precios-mercados-europeos\/embed\/#?secret=xp03KgXvfC\" width=\"600\" height=\"338\" title=\"\u00abLas renovables y la menor demanda moderan los precios de los mercados el\u00e9ctricos europeos pese al alza del gas y el CO&lt;sub&gt;2&lt;\/sub&gt; en la tercera semana de mayo\u00bb \u2014 AleaSoft Energy Forecasting\" data-secret=\"xp03KgXvfC\" frameborder=\"0\" marginwidth=\"0\" marginheight=\"0\" scrolling=\"no\" class=\"wp-embedded-content\"><\/iframe><script>\n\/*! This file is auto-generated *\/\n!function(d,l){\"use strict\";l.querySelector&&d.addEventListener&&\"undefined\"!=typeof URL&&(d.wp=d.wp||{},d.wp.receiveEmbedMessage||(d.wp.receiveEmbedMessage=function(e){var t=e.data;if((t||t.secret||t.message||t.value)&&!\/[^a-zA-Z0-9]\/.test(t.secret)){for(var s,r,n,a=l.querySelectorAll('iframe[data-secret=\"'+t.secret+'\"]'),o=l.querySelectorAll('blockquote[data-secret=\"'+t.secret+'\"]'),c=new RegExp(\"^https?:$\",\"i\"),i=0;i<o.length;i++)o[i].style.display=\"none\";for(i=0;i<a.length;i++)s=a[i],e.source===s.contentWindow&&(s.removeAttribute(\"style\"),\"height\"===t.message?(1e3<(r=parseInt(t.value,10))?r=1e3:~~r<200&&(r=200),s.height=r):\"link\"===t.message&&(r=new URL(s.getAttribute(\"src\")),n=new URL(t.value),c.test(n.protocol))&&n.host===r.host&&l.activeElement===s&&(d.top.location.href=t.value))}},d.addEventListener(\"message\",d.wp.receiveEmbedMessage,!1),l.addEventListener(\"DOMContentLoaded\",function(){for(var e,t,s=l.querySelectorAll(\"iframe.wp-embedded-content\"),r=0;r<s.length;r++)(t=(e=s[r]).getAttribute(\"data-secret\"))||(t=Math.random().toString(36).substring(2,12),e.src+=\"#?secret=\"+t,e.setAttribute(\"data-secret\",t)),e.contentWindow.postMessage({message:\"ready\",secret:t},\"*\")},!1)))}(window,document);\n\/\/# sourceURL=https:\/\/aleasoft.com\/wp-includes\/js\/wp-embed.min.js\n<\/script>\n","thumbnail_url":"https:\/\/aleasoft.com\/wp-content\/uploads\/2025\/05\/20250519-AleaSoft-Precios-mercados-europeos-electricidad.png","thumbnail_width":730,"thumbnail_height":509,"description":"AleaSoft Energy Forecasting, 19 de mayo de 2025. En la tercera semana de mayo, los principales mercados el\u00e9ctricos europeos mostraron una evoluci\u00f3n desigual, aunque en la mayor\u00eda de ellos los precios semanales fueron inferiores a los de la semana anterior. A pesar del aumento de los precios de gas y CO2, la mayor generaci\u00f3n renovable [&hellip;]"}

Las renovables y la menor demanda moderan los precios de los mercados eléctricos europeos pese al alza del gas y el CO2 en la tercera semana de mayo

<blockquote class="wp-embedded-content" data-secret="xp03KgXvfC"><a href="https://aleasoft.com/es/renovables-demanda-moderan-precios-mercados-europeos/">Las renovables y la menor demanda moderan los precios de los mercados eléctricos europeos pese al alza del gas y el CO<sub>2</sub> en la tercera semana de mayo</a></blockquote><iframe sandbox="allow-scripts" security="restricted" src="https://aleasoft.com/es/renovables-demanda-moderan-precios-mercados-europeos/embed/#?secret=xp03KgXvfC" width="600" height="338" title="«Las renovables y la menor demanda moderan los precios de los mercados eléctricos europeos pese al alza del gas y el CO&lt;sub&gt;2&lt;/sub&gt; en la tercera semana de mayo» — AleaSoft Energy Forecasting" data-secret="xp03KgXvfC" frameborder="0" marginwidth="0" marginheight="0" scrolling="no" class="wp-embedded-content"></iframe><script>
/*! This file is auto-generated */
!function(d,l){"use strict";l.querySelector&&d.addEventListener&&"undefined"!=typeof URL&&(d.wp=d.wp||{},d.wp.receiveEmbedMessage||(d.wp.receiveEmbedMessage=function(e){var t=e.data;if((t||t.secret||t.message||t.value)&&!/[^a-zA-Z0-9]/.test(t.secret)){for(var s,r,n,a=l.querySelectorAll('iframe[data-secret="'+t.secret+'"]'),o=l.querySelectorAll('blockquote[data-secret="'+t.secret+'"]'),c=new RegExp("^https?:$","i"),i=0;i<o.length;i++)o[i].style.display="none";for(i=0;i<a.length;i++)s=a[i],e.source===s.contentWindow&&(s.removeAttribute("style"),"height"===t.message?(1e3<(r=parseInt(t.value,10))?r=1e3:~~r<200&&(r=200),s.height=r):"link"===t.message&&(r=new URL(s.getAttribute("src")),n=new URL(t.value),c.test(n.protocol))&&n.host===r.host&&l.activeElement===s&&(d.top.location.href=t.value))}},d.addEventListener("message",d.wp.receiveEmbedMessage,!1),l.addEventListener("DOMContentLoaded",function(){for(var e,t,s=l.querySelectorAll("iframe.wp-embedded-content"),r=0;r<s.length;r++)(t=(e=s[r]).getAttribute("data-secret"))||(t=Math.random().toString(36).substring(2,12),e.src+="#?secret="+t,e.setAttribute("data-secret",t)),e.contentWindow.postMessage({message:"ready",secret:t},"*")},!1)))}(window,document);
//# sourceURL=https://aleasoft.com/wp-includes/js/wp-embed.min.js
</script>

AleaSoft Energy Forecasting, 19 de mayo de 2025. En la tercera semana de mayo, los principales mercados eléctricos europeos mostraron una evolución desigual, aunque en la mayoría de ellos los precios semanales fueron inferiores a los de la semana anterior. A pesar del aumento de los precios de gas y CO2, la mayor generación renovable [&hellip;]
