{"version":"1.0","provider_name":"AleaSoft Energy Forecasting","provider_url":"https:\/\/aleasoft.com\/fr\/","title":"Les prix des march\u00e9s europ\u00e9ens de l'\u00e9lectricit\u00e9 ont augment\u00e9 en raison de la baisse de la temp\u00e9rature","type":"rich","width":600,"height":338,"html":"<blockquote class=\"wp-embedded-content\" data-secret=\"d7mSAm0GNz\"><a href=\"https:\/\/aleasoft.com\/fr\/prix-marches-europeens-electricite-augmente-raison-baisse-temperature\/\">Les prix des march\u00e9s europ\u00e9ens de l&rsquo;\u00e9lectricit\u00e9 ont augment\u00e9 en raison de la baisse de la temp\u00e9rature<\/a><\/blockquote><iframe sandbox=\"allow-scripts\" security=\"restricted\" src=\"https:\/\/aleasoft.com\/fr\/prix-marches-europeens-electricite-augmente-raison-baisse-temperature\/embed\/#?secret=d7mSAm0GNz\" width=\"600\" height=\"338\" title=\"\u00ab\u00a0Les prix des march\u00e9s europ\u00e9ens de l&rsquo;\u00e9lectricit\u00e9 ont augment\u00e9 en raison de la baisse de la temp\u00e9rature\u00a0\u00bb &#8212; AleaSoft Energy Forecasting\" data-secret=\"d7mSAm0GNz\" frameborder=\"0\" marginwidth=\"0\" marginheight=\"0\" scrolling=\"no\" class=\"wp-embedded-content\"><\/iframe><script>\n\/*! This file is auto-generated *\/\n!function(d,l){\"use strict\";l.querySelector&&d.addEventListener&&\"undefined\"!=typeof URL&&(d.wp=d.wp||{},d.wp.receiveEmbedMessage||(d.wp.receiveEmbedMessage=function(e){var t=e.data;if((t||t.secret||t.message||t.value)&&!\/[^a-zA-Z0-9]\/.test(t.secret)){for(var s,r,n,a=l.querySelectorAll('iframe[data-secret=\"'+t.secret+'\"]'),o=l.querySelectorAll('blockquote[data-secret=\"'+t.secret+'\"]'),c=new RegExp(\"^https?:$\",\"i\"),i=0;i<o.length;i++)o[i].style.display=\"none\";for(i=0;i<a.length;i++)s=a[i],e.source===s.contentWindow&&(s.removeAttribute(\"style\"),\"height\"===t.message?(1e3<(r=parseInt(t.value,10))?r=1e3:~~r<200&&(r=200),s.height=r):\"link\"===t.message&&(r=new URL(s.getAttribute(\"src\")),n=new URL(t.value),c.test(n.protocol))&&n.host===r.host&&l.activeElement===s&&(d.top.location.href=t.value))}},d.addEventListener(\"message\",d.wp.receiveEmbedMessage,!1),l.addEventListener(\"DOMContentLoaded\",function(){for(var e,t,s=l.querySelectorAll(\"iframe.wp-embedded-content\"),r=0;r<s.length;r++)(t=(e=s[r]).getAttribute(\"data-secret\"))||(t=Math.random().toString(36).substring(2,12),e.src+=\"#?secret=\"+t,e.setAttribute(\"data-secret\",t)),e.contentWindow.postMessage({message:\"ready\",secret:t},\"*\")},!1)))}(window,document);\n\/\/# sourceURL=https:\/\/aleasoft.com\/wp-includes\/js\/wp-embed.min.js\n<\/script>\n","thumbnail_url":"https:\/\/aleasoft.com\/wp-content\/uploads\/2019\/11\/20191111-aleasoft-european-electricity-market-prices.png","thumbnail_width":2303,"thumbnail_height":1606,"description":"La production d'\u00e9nergie solaire et \u00e9olienne a augment\u00e9 la semaine derni\u00e8re sur les march\u00e9s de l'Europe du Sud, mais a diminu\u00e9 en Allemagne et en France. D'autre part, il y a eu une baisse g\u00e9n\u00e9rale des temp\u00e9ratures sur le continent, ce qui a entra\u00een\u00e9 une augmentation de la demande en \u00e9lectricit\u00e9 et des prix sur les march\u00e9s de l'\u00e9lectricit\u00e9."}

Les prix des marchés européens de l'électricité ont augmenté en raison de la baisse de la température

<blockquote class="wp-embedded-content" data-secret="d7mSAm0GNz"><a href="https://aleasoft.com/fr/prix-marches-europeens-electricite-augmente-raison-baisse-temperature/">Les prix des marchés européens de l&rsquo;électricité ont augmenté en raison de la baisse de la température</a></blockquote><iframe sandbox="allow-scripts" security="restricted" src="https://aleasoft.com/fr/prix-marches-europeens-electricite-augmente-raison-baisse-temperature/embed/#?secret=d7mSAm0GNz" width="600" height="338" title="« Les prix des marchés européens de l&rsquo;électricité ont augmenté en raison de la baisse de la température » &#8212; AleaSoft Energy Forecasting" data-secret="d7mSAm0GNz" frameborder="0" marginwidth="0" marginheight="0" scrolling="no" class="wp-embedded-content"></iframe><script>
/*! This file is auto-generated */
!function(d,l){"use strict";l.querySelector&&d.addEventListener&&"undefined"!=typeof URL&&(d.wp=d.wp||{},d.wp.receiveEmbedMessage||(d.wp.receiveEmbedMessage=function(e){var t=e.data;if((t||t.secret||t.message||t.value)&&!/[^a-zA-Z0-9]/.test(t.secret)){for(var s,r,n,a=l.querySelectorAll('iframe[data-secret="'+t.secret+'"]'),o=l.querySelectorAll('blockquote[data-secret="'+t.secret+'"]'),c=new RegExp("^https?:$","i"),i=0;i<o.length;i++)o[i].style.display="none";for(i=0;i<a.length;i++)s=a[i],e.source===s.contentWindow&&(s.removeAttribute("style"),"height"===t.message?(1e3<(r=parseInt(t.value,10))?r=1e3:~~r<200&&(r=200),s.height=r):"link"===t.message&&(r=new URL(s.getAttribute("src")),n=new URL(t.value),c.test(n.protocol))&&n.host===r.host&&l.activeElement===s&&(d.top.location.href=t.value))}},d.addEventListener("message",d.wp.receiveEmbedMessage,!1),l.addEventListener("DOMContentLoaded",function(){for(var e,t,s=l.querySelectorAll("iframe.wp-embedded-content"),r=0;r<s.length;r++)(t=(e=s[r]).getAttribute("data-secret"))||(t=Math.random().toString(36).substring(2,12),e.src+="#?secret="+t,e.setAttribute("data-secret",t)),e.contentWindow.postMessage({message:"ready",secret:t},"*")},!1)))}(window,document);
//# sourceURL=https://aleasoft.com/wp-includes/js/wp-embed.min.js
</script>

La production d'énergie solaire et éolienne a augmenté la semaine dernière sur les marchés de l'Europe du Sud, mais a diminué en Allemagne et en France. D'autre part, il y a eu une baisse générale des températures sur le continent, ce qui a entraîné une augmentation de la demande en électricité et des prix sur les marchés de l'électricité.
